What are the prime factors of 382548123?
3, 163, 86923
What are the prime factors of 19896885?
3, 5, 17, 31, 839
List the prime factors of 8192945.
5, 23, 191, 373
List the prime factors of 740527168.
2, 281, 41177
What are the prime factors of 42260101?
13, 353, 9209
List the prime factors of 236942140.
2, 5, 479, 24733
List the prime factors of 327722594.
2, 41, 67, 59651
What are the prime factors of 277080898?
2, 4159, 33311
What are the prime factors of 315585073?
311, 1014743
What are the prime factors of 48704609?
17, 2864977
What are the prime factors of 705022282?
2, 601, 586541
What are the prime factors of 3352662756?
2, 3, 373, 249677
List the prime factors of 5085653456.
2, 13, 1880789
List the prime factors of 2446623014.
2, 11, 61, 1823117
What are the prime factors of 320130684?
2, 3, 61, 48593
List the prime factors of 39216532.
2, 19, 199, 2593
What are the prime factors of 195850984?
2, 7, 509, 6871
What are the prime factors of 2576197252?
2, 29, 43, 239, 2161
List the prime factors of 12807336.
2, 3, 223, 2393
What are the prime factors of 35597682?
2, 3, 311, 6359
What are the prime factors of 100225432?
2, 43, 47, 6199
List the prime factors of 23079817.
23079817
List the prime factors of 1459338438.
2, 3, 47, 5174959
List the prime factors of 4882112495.
5, 13, 1823, 41201
List the prime factors of 326601555.
3, 5, 7, 43, 72337
List the prime factors of 6231957859.
307, 1489, 13633
What are the prime factors of 64772968?
2, 13, 23, 2083
List the prime factors of 382014458.
2, 7, 27286747
What are the prime factors of 202653863?
8803, 23021
List the prime factors of 949344822.
2, 3, 47, 1122157
What are the prime factors of 6554069059?
4813, 1361743
What are the prime factors of 880446443?
4817, 182779
List the prime factors of 481875970.
2, 5, 48187597
List the prime factors of 88752560.
2, 5, 13, 61, 1399
What are the prime factors of 46006584?
2, 3, 13, 147457
List the prime factors of 1282452299.
31, 41369429
List the prime factors of 94350683.
7, 13478669
What are the prime factors of 144974424?
2, 3, 7, 862943
What are the prime factors of 60212538?
2, 3, 17, 107, 613
List the prime factors of 106671364.
2, 127, 209983
What are the prime factors of 438564683?
438564683
What are the prime factors of 399120864?
2, 3, 4157509
List the prime factors of 99087759.
3, 1423, 2579
List the prime factors of 26433249.
3, 17, 518299
What are the prime factors of 265052771?
1583, 167437
List the prime factors of 1034577785.
5, 1217, 170021
What are the prime factors of 53762238?
2, 3, 199, 5003
List the prime factors of 8519014.
2, 7, 467, 1303
List the prime factors of 325799520.
2, 3, 5, 678749
What are the prime factors of 490008399?
3, 23, 191, 37181
List the prime factors of 180384211.
7, 25769173
List the prime factors of 1169047644.
2, 3, 197, 494521
List the prime factors of 3660212851.
3660212851
List the prime factors of 20229626.
2, 17, 594989
What are the prime factors of 64118732?
2, 67, 419, 571
What are the prime factors of 14786706?
2, 3, 11, 224041
List the prime factors of 57300879.
3, 67, 285079
List the prime factors of 37426049.
37426049
List the prime factors of 364293975.
3, 5, 4857253
List the prime factors of 15335481.
3, 7, 104323
List the prime factors of 226878439.
137, 1656047
What are the prime factors of 2168833059?
3, 109, 353, 6263
What are the prime factors of 395726251?
395726251
List the prime factors of 100765016.
2, 11, 1145057
List the prime factors of 268754336.
2, 881, 9533
List the prime factors of 230908282.
2, 11, 2897, 3623
What are the prime factors of 205166522?
2, 11, 19, 490829
What are the prime factors of 176539924?
2, 11, 4012271
List the prime factors of 229157292.
2, 3, 7, 13, 209851
What are the prime factors of 28571325?
3, 5, 380951
List the prime factors of 938135978.
2, 13, 36082153
List the prime factors of 3040281.
3, 112603
What are the prime factors of 52418096?
2, 3276131
List the prime factors of 980821039.
11, 23, 197, 1789
What are the prime factors of 434872047?
3, 191, 389, 1951
List the prime factors of 556352024.
2, 53, 71, 18481
What are the prime factors of 207449?
11, 18859
List the prime factors of 300513288.
2, 3, 191, 65557
List the prime factors of 49911216.
2, 3, 1039817
List the prime factors of 39525144.
2, 3, 29, 109, 521
What are the prime factors of 125547296?
2, 7, 560479
List the prime factors of 4660309569.
3, 17, 19, 4809401
What are the prime factors of 935803413?
3, 4937, 21061
What are the prime factors of 56490703?
89, 634727
What are the prime factors of 65683528?
2, 8210441
List the prime factors of 872674386.
2, 3, 145445731
What are the prime factors of 220664876?
2, 71, 239, 3251
What are the prime factors of 1299146075?
5, 59, 677, 1301
What are the prime factors of 2042605528?
2, 23, 337, 32941
What are the prime factors of 18808463?
41, 283, 1621
What are the prime factors of 67980303?
3, 31, 27073
List the prime factors of 137735627.
131, 1051417
List the prime factors of 62928471.
3, 4273, 4909
List the prime factors of 111205483.
17, 23, 284413
List the prime factors of 15812423.
11, 1437493
What are the prime factors of 31699934?
2, 7, 17, 23, 5791
List the prime factors of 712798458.
2, 3, 118799743
What are the prime factors of 381452634?
2, 3, 21191813
What are the prime factors of 38014084?
2, 9503521
What are the prime factors of 108622504?
2, 13577813
List the prime factors of 781356547.
181, 4316887
What are the prime factors of 91839634?
2, 89, 457, 1129
List the prime factors of 1067197588.
2, 881, 302837
What are the prime factors of 14075985?
3, 5, 7, 11, 1741
What are the prime factors of 360556699?
2063, 174773
What are the prime factors of 20571516?
2, 3, 7, 27211
What are the prime factors of 1155870259?
14341, 80599
What are the prime factors of 764926245?
3, 5, 16998361
What are the prime factors of 152360159?
7, 3109391
What are the prime factors of 1386926282?
2, 7, 14152309
List the prime factors of 32721008.
2, 1021, 2003
What are the prime factors of 20158585?
5, 73, 55229
List the prime factors of 1444489007.
13, 193, 575723
What are the prime factors of 8484104?
2, 1060513
What are the prime factors of 3345961857?
3, 7, 5531, 28807
List the prime factors of 521221196.
2, 151, 727, 1187
List the prime factors of 50991876.
2, 3, 13, 36319
What are the prime factors of 148739665?
5, 67, 443999
What are the prime factors of 5571821026?
2, 17, 499, 328411
What are the prime factors of 504017235?
3, 5, 59, 79, 89
What are the prime factors of 25194449?
7, 3599207
What are the prime factors of 93208496?
2, 229, 25439
List the prime factors of 3622629156.
2, 3, 409, 738107
List the prime factors of 79052846.
2, 347, 113909
List the prime factors of 2872867.
127, 22621
What are the prime factors of 43424220?
2, 3, 5, 7, 103391
List the prime factors of 36717163.
7, 5245309
What are the prime factors of 7067686?
2, 367, 9629
What are the prime factors of 266942282?
2, 133471141
What are the prime factors of 101200430?
2, 5, 29, 31, 11257
List the prime factors of 7428176.
2, 7, 29, 2287
List the prime factors of 98226211.
98226211
What are the prime factors of 1618358050?
2, 5, 29, 47, 23747
What are the prime factors of 21735799?
109, 199411
List the prime factors of 22970722.
2, 89, 129049
List the prime factors of 293664858.
2, 3, 61, 449, 1787
List the prime factors of 431705091.
3, 89, 181, 8933
What are the prime factors of 16032415?
5, 7, 458069
List the prime factors of 13909756.
2, 7, 23, 21599
What are the prime factors of 5009601881?
61, 2341, 35081
What are the prime factors of 16696503?
3, 479, 1291
List the prime factors of 48513698.
2, 31, 173, 4523
List the prime factors of 87522294.
2, 3, 14587049
List the prime factors of 13671207.
3, 11, 191, 241
What are the prime factors of 77857417?
11, 67, 149, 709
What are the prime factors of 61167775?
5, 397, 6163
List the prime factors of 2196694290.
2, 3, 5, 7, 353, 29633
List the prime factors of 22801765.
5, 7, 197, 3307
List the prime factors of 336179639.
336179639
What are the prime factors of 48902227?
11, 4445657
What are the prime factors of 90453175?
5, 17, 29, 41, 179
List the prime factors of 122828382.
2, 3, 37, 43, 4289
What are the 